{"id":2,"date":"2025-03-06T20:27:30","date_gmt":"2025-03-06T20:27:30","guid":{"rendered":"http:\/\/localhost\/wordpress\/?page_id=2"},"modified":"2025-03-08T07:43:02","modified_gmt":"2025-03-08T07:43:02","slug":"sample-page","status":"publish","type":"page","link":"https:\/\/narodnitribunal.cz\/","title":{"rendered":"P\u0159\u00edprava N\u00e1rodn\u00edho tribun\u00e1lu"},"content":{"rendered":"<hr \/>\r\n<p>V\u00e1\u017een\u00ed spoluob\u010dan\u00e9,<\/p>\r\n\r\n\r\n\r\n<p>Nem\u00e1-li n\u00e1\u0161 n\u00e1rod b\u00fdt zcela zni\u010den a nem\u00e1-li p\u0159ij\u00edt o svou budoucnost, nesm\u00ed ztratit svou pam\u011b\u0165. A ta je ve va\u0161ich ruk\u00e1ch. N\u00e1rod nesm\u00ed zapomenout na zlo\u010diny, jich\u017e se na n\u011bm dopustili spr\u00e1vci jeho v\u011bc\u00ed ve\u0159ejn\u00fdch. Tedy politici a \u00fa\u0159edn\u00edci na v\u0161ech \u00farovn\u00edch. Aby se v\u0161ak mohl p\u0159\u00ed\u0161t\u00ed N\u00e1rodn\u00ed tribun\u00e1l vyrovnat s p\u0159\u00edslu\u0161n\u00fdmi zemsk\u00fdmi \u0161k\u016fdci, mus\u00edte vy, ob\u010dan\u00e9 \u010cesk\u00e9 republiky, p\u0159ilo\u017eit ruku k d\u00edlu. Zas\u00edlejte proto, pros\u00edm, na n\u00ed\u017ee uvedenou adresu sv\u00e9 podn\u011bty, je\u017e by, dle va\u0161eho m\u00edn\u011bn\u00ed, mohly v\u00e9st k zah\u00e1jen\u00ed trestn\u00edho \u0159\u00edzen\u00ed p\u0159ed budouc\u00edm soudem ned\u00e1vn\u00fdch i dne\u0161n\u00edch \u010din\u016f, a to zejm\u00e9na v konkr\u00e9tn\u00edch p\u0159\u00edpadech vypl\u00fdvaj\u00edc\u00edch z n\u00e1sleduj\u00edc\u00edch okruh\u016f zlo\u010din\u016f:<\/p>\r\n<ol>\r\n<li>Privatizace st\u00e1tn\u00edho majetku do rukou lid\u00ed, kte\u0159\u00ed nesli odpov\u011bdnost za p\u0159edlistopadovou politiku.<\/li>\r\n<li>Prodej nerostn\u00e9ho bohatstv\u00ed a strategick\u00fdch firem \u010di jejich \u010d\u00e1st\u00ed ciz\u00edm spole\u010dnostem.<\/li>\r\n<li>Prodej s\u00ed\u0165ov\u00fdch firem \u010di jejich \u010d\u00e1st\u00ed ciz\u00edm spole\u010dnostem.<\/li>\r\n<li>Restitu\u010dn\u00ed podvody.<\/li>\r\n<li>Prodej \u010desk\u00fdch bank do zahrani\u010d\u00ed.<\/li>\r\n<li>Zneu\u017e\u00edv\u00e1n\u00ed ve\u0159ejn\u00fdch prost\u0159edk\u016f p\u0159i budov\u00e1n\u00ed tzv. nest\u00e1tn\u00edch neziskov\u00fdch organizac\u00ed h\u00e1j\u00edc\u00edch zahrani\u010dn\u00ed z\u00e1jmy.<\/li>\r\n<li>Proti\u00fastavn\u00ed omezov\u00e1n\u00ed svobody slova, zav\u00e1d\u011bn\u00ed cenzury a kriminalizace politick\u00fdch oponent\u016f.<\/li>\r\n<li>Podpora \u0159\u00edzen\u00e9 migrace.<\/li>\r\n<li>Protiz\u00e1konn\u00e1 a antihum\u00e1nn\u00ed opat\u0159en\u00ed v dob\u011b covidov\u00e9 a s t\u00edm spojen\u00e1 korupce a likvidace ekonomiky.<\/li>\r\n<li>\u0158\u00edzen\u00e1 energetick\u00e1 krize.<\/li>\r\n<li>Antihum\u00e1nn\u00ed a neekologick\u00e1 tzv. zelen\u00e1 politika (Zelen\u00fd \u00fad\u011bl).<\/li>\r\n<li>\u00da\u010dast v americko-rusk\u00e9 v\u00e1lce na Ukrajin\u011b a s t\u00edm spojen\u00e1 potenci\u00e1ln\u00ed korupce, tunelov\u00e1n\u00ed st\u00e1tn\u00edho rozpo\u010dtu nev\u00fdhodn\u00fdmi n\u00e1kupy, ale hlavn\u011b mimo\u0159\u00e1dn\u00e9 ohro\u017een\u00ed bezpe\u010dnosti republiky.<\/li>\r\n<li>Ekonomick\u00fd \u00fatok na \u0161kolsk\u00fd syst\u00e9m, zdravotn\u00ed syst\u00e9m a syst\u00e9m soci\u00e1ln\u00edho zabezpe\u010den\u00ed. Opat\u0159en\u00ed vedouc\u00ed k chudnut\u00ed v\u0161ech, zvl\u00e1\u0161t\u011b d\u016fchodc\u016f.<\/li>\r\n<li>Podpora men\u0161in na \u00fakor v\u011bt\u0161iny. Systematick\u00e9 zlo\u010diny p\u0159i st\u00e1tn\u00ed v\u00fdchov\u011b d\u011bt\u00ed. N\u00e1siln\u00e9 vnucov\u00e1n\u00ed LGBT nesmysl\u016f a nep\u0159irozen\u00e9 genderov\u00e9 ideologie. Organizovan\u00fd \u00fatok na rodinu.<\/li>\r\n<li>Zneu\u017e\u00edv\u00e1n\u00ed finan\u010dn\u00edch prost\u0159edk\u016f ve ve\u0159ejnopr\u00e1vn\u00edch m\u00e9di\u00edch, zvl\u00e1\u0161t\u011b v \u010cesk\u00e9 televizi.<\/li>\r\n<li>Korumpov\u00e1n\u00ed akademick\u00fdch a kulturn\u00edch instituc\u00ed coby ideologick\u00fdch n\u00e1stroj\u016f politiky a ciz\u00edch z\u00e1jm\u016f.<\/li>\r\n<\/ol>\r\n<p>A nezapome\u0148te, mil\u00ed spoluob\u010dan\u00e9: Beztrestnost politik\u016f a \u00fa\u0159edn\u00edk\u016f odcizuje st\u00e1t a nakonec existen\u010dn\u011b rozlo\u017e\u00ed i n\u00e1rod. Nespravedlnost vede ke krutovl\u00e1d\u011b, otroctv\u00ed a smrti.<\/p>\r\n<p style=\"padding-left: 400px;\">Stanislav Novotn\u00fd<br \/>&gt; <a href=\"https:\/\/ocemsemlci.cz\/\">O \u010dem se ml\u010d\u00ed<\/a><\/p>\r\n<hr \/>\r\n<p>Tato aktivita, my\u0161leno &#8222;N\u00e1rodn\u00ed tribun\u00e1l&#8220;, neslou\u017e\u00ed a nem\u00e1 slou\u017eit &#8222;ve\u0159ejn\u00e9mu podn\u011bcov\u00e1n\u00ed k nen\u00e1visti k n\u011bkter\u00e9mu n\u00e1rodu, rase, etnick\u00e9 skupin\u011b, n\u00e1bo\u017eenstv\u00ed, t\u0159\u00edd\u011b nebo jin\u00e9 skupin\u011b osob nebo k omezov\u00e1n\u00ed pr\u00e1v a svobod jejich p\u0159\u00edslu\u0161n\u00edk\u016f&#8220;. Naopak. M\u00e1 pomoci zabr\u00e1nit uveden\u00e9mu &#8222;podn\u011bcov\u00e1n\u00ed&#8220; ze strany mal\u00fdch skupin a jednotlivc\u016f, kter\u00e9 si osobuj\u00ed pr\u00e1vo rozhodovat o ka\u017ed\u00e9m aspektu na\u0161ich \u017eivot\u016f a za sv\u00e1 \u0161kodliv\u00e1 rozhodnut\u00ed p\u0159itom dosud nenesou odpov\u011bdnost.<\/p>\r\n<p>Podn\u011bty m\u016f\u017eete zaslat prost\u0159ednictv\u00edm formul\u00e1\u0159e nebo e-mailem.<\/p>\r\n<ul>\r\n<li>Nebojme se vystoupit z anonymity a n\u00e1sledujme ty, kte\u0159\u00ed tak u\u010dinili p\u0159ed n\u00e1mi.<\/li>\r\n<li>\u201eSpoj\u00ed-li se \u0161patn\u00ed lid\u00e9 tak, \u017ee vytvo\u0159\u00ed s\u00edlu, mus\u00ed dob\u0159\u00ed lid\u00e9 ud\u011blat tot\u00e9\u017e. Jak je to prost\u00e9.\u201c (Lev Nikolajevi\u010d Tolstoj)<\/li>\r\n<\/ul>\r\n<p>email:\u00a0podnety@narodnitribunal.cz<br \/>www:\u00a0<a href=\"https:\/\/podnety.narodnitribunal.cz\/\" target=\"_blank\" rel=\"noopener noreferrer\">https:\/\/narodnitribunal.cz<\/a><br \/>www:\u00a0<a href=\"https:\/\/podnety.narodnitribunal.cz\/\" target=\"_blank\" rel=\"noopener noreferrer\">https:\/\/podnety.narodnitribunal.cz<\/a><\/p>\r\n","protected":false},"excerpt":{"rendered":"<p>V\u00e1\u017een\u00ed spoluob\u010dan\u00e9, Nem\u00e1-li n\u00e1\u0161 n\u00e1rod b\u00fdt zcela zni\u010den a nem\u00e1-li p\u0159ij\u00edt o svou budoucnost, nesm\u00ed ztratit svou pam\u011b\u0165. A ta je ve va\u0161ich ruk\u00e1ch. N\u00e1rod nesm\u00ed zapomenout na zlo\u010diny, jich\u017e se na n\u011bm dopustili spr\u00e1vci jeho v\u011bc\u00ed ve\u0159ejn\u00fdch. Tedy politici [&hellip;]<\/p>\n","protected":false},"author":1,"featured_media":0,"parent":0,"menu_order":0,"comment_status":"closed","ping_status":"open","template":"","meta":{"footnotes":""},"class_list":["post-2","page","type-page","status-publish","hentry"],"_links":{"self":[{"href":"https:\/\/narodnitribunal.cz\/index.php?rest_route=\/wp\/v2\/pages\/2","targetHints":{"allow":["GET"]}}],"collection":[{"href":"https:\/\/narodnitribunal.cz\/index.php?rest_route=\/wp\/v2\/pages"}],"about":[{"href":"https:\/\/narodnitribunal.cz\/index.php?rest_route=\/wp\/v2\/types\/page"}],"author":[{"embeddable":true,"href":"https:\/\/narodnitribunal.cz\/index.php?rest_route=\/wp\/v2\/users\/1"}],"replies":[{"embeddable":true,"href":"https:\/\/narodnitribunal.cz\/index.php?rest_route=%2Fwp%2Fv2%2Fcomments&post=2"}],"version-history":[{"count":31,"href":"https:\/\/narodnitribunal.cz\/index.php?rest_route=\/wp\/v2\/pages\/2\/revisions"}],"predecessor-version":[{"id":45,"href":"https:\/\/narodnitribunal.cz\/index.php?rest_route=\/wp\/v2\/pages\/2\/revisions\/45"}],"wp:attachment":[{"href":"https:\/\/narodnitribunal.cz\/index.php?rest_route=%2Fwp%2Fv2%2Fmedia&parent=2"}],"curies":[{"name":"wp","href":"https:\/\/api.w.org\/{rel}","templated":true}]}}